 factors of 6924.
2, 3, 577
What are the prime factors of 3437?
7, 491
List the prime factors of 6191.
41, 151
What are the prime factors of 435?
3, 5, 29
List the prime factors of 7002.
2, 3, 389
List the prime factors of 54607.
7, 29, 269
List the prime factors of 1988.
2, 7, 71
List the prime factors of 20409.
3, 6803
List the prime factors of 30633.
3, 10211
What are the prime factors of 5912?
2, 739
What are the prime factors of 189?
3, 7
List the prime factors of 11047.
11047
List the prime factors of 3194.
2, 1597
List the prime factors of 7360.
2, 5, 23
List the prime factors of 498.
2, 3, 83
What are the prime factors of 101493?
3, 7, 179
What are the prime factors of 11413?
101, 113
List the prime factors of 25812.
2, 3, 239
What are the prime factors of 13752?
2, 3, 191
What are the prime factors of 1814?
2, 907
What are the prime factors of 443?
443
List the prime factors of 9626.
2, 4813
List the prime factors of 698.
2, 349
What are the prime factors of 5847?
3, 1949
List the prime factors of 52645.
5, 10529
List the prime factors of 98203.
7, 14029
List the prime factors of 17119.
17, 19, 53
What are the prime factors of 321?
3, 107
What are the prime factors of 8068?
2, 2017
What are the prime factors of 98458?
2, 19, 2591
List the prime factors of 10135.
5, 2027
What are the prime factors of 24681?
3, 19, 433
List the prime factors of 1322.
2, 661
List the prime factors of 747.
3, 83
List the prime factors of 1770.
2, 3, 5, 59
What are the prime factors of 403?
13, 31
What are the prime factors of 9909?
3, 367
What are the prime factors of 153194?
2, 76597
What are the prime factors of 4320?
2, 3, 5
What are the prime factors of 9108?
2, 3, 11, 23
What are the prime factors of 43611?
3, 14537
What are the prime factors of 2327?
13, 179
What are the prime factors of 2819?
2819
What are the prime factors of 883?
883
What are the prime factors of 3706?
2, 17, 109
List the prime factors of 8669.
8669
What are the prime factors of 332?
2, 83
What are the prime factors of 57793?
57793
List the prime factors of 3061.
3061
List the prime factors of 80268.
2, 3, 6689
List the prime factors of 13224.
2, 3, 19, 29
What are the prime factors of 6568?
2, 821
List the prime factors of 112308.
2, 3, 7, 191
List the prime factors of 15251.
101, 151
List the prime factors of 164.
2, 41
List the prime factors of 62551.
71, 881
What are the prime factors of 1372?
2, 7
What are the prime factors of 5349?
3, 1783
What are the prime factors of 2431?
11, 13, 17
List the prime factors of 1780.
2, 5, 89
List the prime factors of 7666.
2, 3833
List the prime factors of 34390.
2, 5, 19, 181
List the prime factors of 8769.
3, 37, 79
List the prime factors of 1149.
3, 383
What are the prime factors of 151684?
2, 13, 2917
What are the prime factors of 20526?
2, 3, 11, 311
List the prime factors of 13075.
5, 523
What are the prime factors of 14497?
7, 19, 109
What are the prime factors of 749?
7, 107
What are the prime factors of 1911?
3, 7, 13
List the prime factors of 17929.
17929
List the prime factors of 144.
2, 3
What are the prime factors of 2198?
2, 7, 157
List the prime factors of 2307.
3, 769
What are the prime factors of 490?
2, 5, 7
List the prime factors of 28243.
61, 463
What are the prime factors of 37437?
3, 12479
What are the prime factors of 23825?
5, 953
What are the prime factors of 72114?
2, 3, 7, 17, 101
What are the prime factors of 2983?
19, 157
List the prime factors of 9243.
3, 13, 79
List the prime factors of 30354.
2, 3, 5059
List the prime factors of 1693.
1693
What are the prime factors of 39071?
89, 439
List the prime factors of 672.
2, 3, 7
List the prime factors of 18555.
3, 5, 1237
List the prime factors of 46593.
3, 31, 167
What are the prime factors of 4351?
19, 229
List the prime factors of 1343.
17, 79
What are the prime factors of 923?
13, 71
What are the prime factors of 57829?
57829
List the prime factors of 7929.
3, 881
What are the prime factors of 534?
2, 3, 89
What are the prime factors of 3069?
3, 11, 31
List the prime factors of 8722.
2, 7, 89
What are the prime factors of 158?
2, 79
List the prime factors of 1283.
1283
List the prime factors of 131851.
79, 1669
List the prime factors of 1795.
5, 359
What are the prime factors of 306?
2, 3, 17
List the prime factors of 35929.
19, 31, 61
List the prime factors of 1369.
37
List the prime factors of 3359.
3359
List the prime factors of 69.
3, 23
What are the prime factors of 3659?
3659
What are the prime factors of 38306?
2, 107, 179
What are the prime factors of 42813?
3, 67, 71
What are the prime factors of 2987?
29, 103
What are the prime factors of 8272?
2, 11, 47
List the prime factors of 77330.
2, 5, 11, 19, 37
List the prime factors of 15663.
3, 23, 227
What are the prime factors of 1806?
2, 3, 7, 43
What are the prime factors of 749?
7, 107
List the prime factors of 12394.
2, 6197
List the prime factors of 19282.
2, 31, 311
List the prime factors of 235.
5, 47
List the prime factors of 25401.
3, 8467
List the prime factors of 14436.
2, 3, 401
What are the prime factors of 40119?
3, 43, 311
What are the prime factors of 6293?
7, 29, 31
List the prime factors of 563.
563
What are the prime factors of 868?
2, 7, 31
What are the prime factors of 79626?
2, 3, 23, 577
List the prime factors of 2452.
2, 613
List the prime factors of 865.
5, 173
List the prime factors of 20062.
2, 7, 1433
List the prime factors of 1539.
3, 19
What are the prime factors of 6490?
2, 5, 11, 59
List the prime factors of 115173.
3, 67, 191
What are the prime factors of 18032?
2, 7, 23
List the prime factors of 40526.
2, 23, 881
List the prime factors of 2116.
2, 23
What are the prime factors of 23964?
2, 3, 1997
List the prime factors of 26799.
3, 8933
List the prime factors of 8619.
3, 13, 17
What are the prime factors of 77871?
3, 101, 257
List the prime factors of 13082.
2, 31, 211
What are the prime factors of 1079?
13, 83
List the prime factors of 2074.
2, 17, 61
What are the prime factors of 2769?
3, 13, 71
What are the prime factors of 738?
2, 3, 41
List the prime factors of 1341.
3, 149
List the prime factors of 1179.
3, 131
What are the prime factors of 21699?
3, 2411
List the prime factors of 8729.
7, 29, 43
List the prime factors of 1593.
3, 59
List the prime factors of 40140.
2, 3, 5, 223
What are the prime factors of 71?
71
What are the prime factors of 48661?
48661
What are the prime factors of 38227?
7, 43, 127
What are the prime factors of 907?
907
List the prime factors of 1053.
3, 13
What are the prime factors of 5339?
19, 281
What are the prime factors of 1934?
2, 967
What are the prime factors of 15013?
15013
List the prime factors of 12287.
11, 1117
What are the prime factors of 9281?
9281
What are the prime factors of 666?
2, 3, 37
List the prime factors of 30506.
2, 7, 2179
List the prime factors of 15042.
2, 3, 23, 109
What are the prime factors of 4836?
2, 3, 13, 31
What are the prime factors of 17541?
3, 1949
What are the prime factors of 78693?
3, 17, 1543
List the prime factors of 1449.
3, 7, 23
What are the prime factors of 1858?
2, 929
List the prime factors of 3037.
3037
List the prime factors of 841.
29
What are the prime factors of 125912?
2, 15739
List the prime factors of 31983.
3, 7, 1523
What are the prime factors of 5060?
2, 5, 11, 23
List the prime factors of 2000.
2, 5
What are the prime factors of 1043?
7, 149
What are the prime factors of 4025?
5, 7, 23
List the prime factors of 5150.
2, 5, 103
List the prime factors of 2067.
3, 13, 53
List the prime factors of 912.
2, 3, 19
What are the prime factors of 23567?
23567
List the prime factors of 140476.
2, 7, 29, 173
What are the prime factors of 8938?
2, 41, 109
List the prime factors of 358.
2, 179
List the prime factors of 47784.
2, 3, 11, 181
What are the prime factors of 25869?
3, 8623
List the prime factors of 179.
179
List the prime factors of 14908.
2, 3727
List the prime factors of 6611.
11, 601
List the prime factors of 68342.
2, 34171
What are the prime factors of 2896?
2, 181
What are the prime factors of 50133?
3, 17, 983
What are the prime factors of 35670?
2, 3, 5, 29, 41
What are the prime factors of 2030?
2, 5, 7, 29
What are the prime factors of 1468?
2, 367
What are the prim